{"id":314,"date":"2020-01-20T15:24:55","date_gmt":"2020-01-20T14:24:55","guid":{"rendered":"http:\/\/lebercail.co\/?page_id=314"},"modified":"2020-02-03T13:47:37","modified_gmt":"2020-02-03T12:47:37","slug":"les-3-espaces","status":"publish","type":"page","link":"https:\/\/lebercail.co\/index.php\/les-3-espaces\/","title":{"rendered":"Vos 3 espaces"},"content":{"rendered":"\n<figure class=\"wp-block-image size-large\"><img decoding=\"async\" width=\"1024\" height=\"654\" src=\"http:\/\/lebercail.co\/wp-content\/uploads\/2020\/01\/Image13-1024x654.png\" alt=\"\" class=\"wp-image-401\" srcset=\"https:\/\/lebercail.co\/wp-content\/uploads\/2020\/01\/Image13-1024x654.png 1024w, https:\/\/lebercail.co\/wp-content\/uploads\/2020\/01\/Image13-300x192.png 300w, https:\/\/lebercail.co\/wp-content\/uploads\/2020\/01\/Image13-768x491.png 768w, https:\/\/lebercail.co\/wp-content\/uploads\/2020\/01\/Image13.png 1125w\" sizes=\"(max-width: 1024px) 100vw, 1024px\" \/><\/figure>\n\n\n\n<h2 class=\"has-text-align-center wp-block-heading\"><a href=\"http:\/\/lebercail.co\/index.php\/espace-demarches-administratives\/\">Espace d\u00e9marches administratives<\/a><\/h2>\n\n\n\n<div class=\"wp-block-media-text alignwide\" style=\"grid-template-columns:32% auto\"><figure class=\"wp-block-media-text__media\"><img decoding=\"async\" width=\"1024\" height=\"768\" src=\"http:\/\/lebercail.co\/wp-content\/uploads\/2020\/02\/IMG_20200131_124322-1024x768.jpg\" alt=\"\" class=\"wp-image-539\" srcset=\"https:\/\/lebercail.co\/wp-content\/uploads\/2020\/02\/IMG_20200131_124322-1024x768.jpg 1024w, https:\/\/lebercail.co\/wp-content\/uploads\/2020\/02\/IMG_20200131_124322-300x225.jpg 300w, https:\/\/lebercail.co\/wp-content\/uploads\/2020\/02\/IMG_20200131_124322-768x576.jpg 768w, https:\/\/lebercail.co\/wp-content\/uploads\/2020\/02\/IMG_20200131_124322-1536x1152.jpg 1536w, https:\/\/lebercail.co\/wp-content\/uploads\/2020\/02\/IMG_20200131_124322-2048x1536.jpg 2048w\" sizes=\"(max-width: 1024px) 100vw, 1024px\" \/><\/figure><div class=\"wp-block-media-text__content\">\n<p>Accompagnement dans vos d\u00e9marches \u00e0 r\u00e9aliser en ligne dans une dynamique aidant-apprenant :<\/p>\n\n\n\n<p>&gt; Faire ensemble<br>&gt; Apprendre en faisant<br>&gt; Devenir autonome<\/p>\n<\/div><\/div>\n\n\n\n<h2 class=\"has-text-align-center wp-block-heading\"><a href=\"http:\/\/lebercail.co\/index.php\/espace-de-vie-sociale\/\">Espace de vie sociale<\/a><\/h2>\n\n\n\n<div class=\"wp-block-media-text alignwide is-image-fill\" style=\"grid-template-columns:33% auto\"><figure class=\"wp-block-media-text__media\" style=\"background-image:url(http:\/\/lebercail.co\/wp-content\/uploads\/2020\/02\/IMG-20200131-WA0006.jpg);background-position:57.03125% 15.88235294117647%\"><img decoding=\"async\" width=\"768\" height=\"1024\" src=\"http:\/\/lebercail.co\/wp-content\/uploads\/2020\/02\/IMG-20200131-WA0006.jpg\" alt=\"\" class=\"wp-image-534\" srcset=\"https:\/\/lebercail.co\/wp-content\/uploads\/2020\/02\/IMG-20200131-WA0006.jpg 768w, https:\/\/lebercail.co\/wp-content\/uploads\/2020\/02\/IMG-20200131-WA0006-225x300.jpg 225w\" sizes=\"(max-width: 768px) 100vw, 768px\" \/><\/figure><div class=\"wp-block-media-text__content\">\n<p>Co-construire un programme d&rsquo;animations \u00e0 destination des familles et des jeunes et participer \u00e0 sa mise en place pour<\/p>\n\n\n\n<p>&gt; Cr\u00e9er du lien<br>&gt; Accueillir les nouveaux habitants<br>&gt; Sensibiliser \u00e0 l&rsquo;\u00e9cologie&#8230;<\/p>\n<\/div><\/div>\n\n\n\n<h2 class=\"has-text-align-center wp-block-heading\"><a href=\"http:\/\/lebercail.co\/index.php\/espace-entrepreneurs\/\">Espace entrepreneurs<\/a><\/h2>\n\n\n\n<div class=\"wp-block-media-text alignwide\" style=\"grid-template-columns:33% auto\"><figure class=\"wp-block-media-text__media\"><img decoding=\"async\" src=\"http:\/\/lebercail.co\/wp-content\/uploads\/2020\/01\/25060-Copier.jpg\" alt=\"\"\/><\/figure><div class=\"wp-block-media-text__content\">\n<p>Accompagner les porteurs de projet du territoire et les entreprises en d\u00e9veloppement ou en difficult\u00e9 et mettre \u00e0 disposition des outils de travail moderne<\/p>\n\n\n\n<p>> Espace de bureaux professionnels partag\u00e9s<br>> Salle de visioconf\u00e9rence<br>> Ateliers th\u00e9matiques&#8230;<\/p>\n<\/div><\/div>\n\n\n\n<p><\/p>\n","protected":false},"excerpt":{"rendered":"<p>Espace d\u00e9marches administratives Accompagnement dans vos d\u00e9marches \u00e0 r\u00e9aliser en ligne dans une dynamique aidant-apprenant : &gt; Faire ensemble&gt; Apprendre en faisant&gt; Devenir autonome Espace de vie sociale Co-construire un programme d&rsquo;animations \u00e0 destination des familles et des jeunes et participer \u00e0 sa mise en place pour &gt; Cr\u00e9er du lien&gt; Accueillir les nouveaux habitants&gt; [&hellip;]<\/p>\n","protected":false},"author":1,"featured_media":0,"parent":0,"menu_order":0,"comment_status":"closed","ping_status":"closed","template":"","meta":{"_monsterinsights_skip_tracking":false,"_monsterinsights_sitenote_active":false,"_monsterinsights_sitenote_note":"","_monsterinsights_sitenote_category":0,"footnotes":""},"class_list":["post-314","page","type-page","status-publish","hentry"],"_links":{"self":[{"href":"https:\/\/lebercail.co\/index.php\/wp-json\/wp\/v2\/pages\/314","targetHints":{"allow":["GET"]}}],"collection":[{"href":"https:\/\/lebercail.co\/index.php\/wp-json\/wp\/v2\/pages"}],"about":[{"href":"https:\/\/lebercail.co\/index.php\/wp-json\/wp\/v2\/types\/page"}],"author":[{"embeddable":true,"href":"https:\/\/lebercail.co\/index.php\/wp-json\/wp\/v2\/users\/1"}],"replies":[{"embeddable":true,"href":"https:\/\/lebercail.co\/index.php\/wp-json\/wp\/v2\/comments?post=314"}],"version-history":[{"count":28,"href":"https:\/\/lebercail.co\/index.php\/wp-json\/wp\/v2\/pages\/314\/revisions"}],"predecessor-version":[{"id":567,"href":"https:\/\/lebercail.co\/index.php\/wp-json\/wp\/v2\/pages\/314\/revisions\/567"}],"wp:attachment":[{"href":"https:\/\/lebercail.co\/index.php\/wp-json\/wp\/v2\/media?parent=314"}],"curies":[{"name":"wp","href":"https:\/\/api.w.org\/{rel}","templated":true}]}}