{"id":43,"date":"2020-01-15T23:03:17","date_gmt":"2020-01-15T22:03:17","guid":{"rendered":"http:\/\/lebercail.co\/?page_id=43"},"modified":"2020-01-21T17:33:38","modified_gmt":"2020-01-21T16:33:38","slug":"bienvenue-au-bercail","status":"publish","type":"page","link":"https:\/\/lebercail.co\/index.php\/bienvenue-au-bercail\/","title":{"rendered":"Bienvenue au Bercail"},"content":{"rendered":"\n<h3 class=\"wp-block-heading\">UN TIERS-LIEU STRUCTURANT AU PAYS DE LA BREBIS !<\/h3>\n\n\n\n<figure class=\"wp-block-image\"><img decoding=\"async\" src=\"http:\/\/lebercail.co\/wp-content\/uploads\/2020\/01\/20190920_093136-Copier.jpg\" alt=\"\"\/><\/figure>\n\n\n\n<h4 class=\"wp-block-heading\"><b>Bonjour \u00e0 tous !<\/b><\/h4>\n\n\n\n<h4 class=\"wp-block-heading\"><span style=\"color: #ff6600;\"><b>Nous vous souhaitons une&nbsp;<\/b><b>excellente ann\u00e9e 2020 ! <\/b><\/span><\/h4>\n\n\n\n<h4 class=\"wp-block-heading\"><b>Ici elle commence bien, avec l\u2019ouverture du rez-de-chauss\u00e9e du Bercail !<\/b><\/h4>\n\n\n\n<figure class=\"wp-block-image\"><img decoding=\"async\" src=\"http:\/\/lebercail.co\/wp-content\/uploads\/2020\/01\/Image2.jpg\" alt=\"\"\/><\/figure>\n\n\n\n<h4 class=\"wp-block-heading\">B\u00e9n\u00e9dicte et Lucie, salari\u00e9es Familles Rurales, sont arriv\u00e9es en janvier pour constituer aux cot\u00e9s de Laetitia, l\u2019agent de d\u00e9veloppement \u00e9conomique de la Communaut\u00e9 de Communes, l\u2019\u00e9quipe de votre Bercail !<\/h4>\n\n\n\n<figure class=\"wp-block-image\"><img decoding=\"async\" src=\"http:\/\/lebercail.co\/wp-content\/uploads\/2020\/01\/Image3.jpg\" alt=\"\"\/><\/figure>\n\n\n\n<h3 class=\"wp-block-heading\">A chaque probl\u00e9matique, une r\u00e9ponse via un rendez-vous, un contact, un atelier ou une r\u00e9union !<\/h3>\n\n\n\n<figure class=\"wp-block-image size-large\"><img decoding=\"async\" width=\"1024\" height=\"654\" src=\"http:\/\/lebercail.co\/wp-content\/uploads\/2020\/01\/Image13-1024x654.png\" alt=\"\" class=\"wp-image-401\" srcset=\"https:\/\/lebercail.co\/wp-content\/uploads\/2020\/01\/Image13-1024x654.png 1024w, https:\/\/lebercail.co\/wp-content\/uploads\/2020\/01\/Image13-300x192.png 300w, https:\/\/lebercail.co\/wp-content\/uploads\/2020\/01\/Image13-768x491.png 768w, https:\/\/lebercail.co\/wp-content\/uploads\/2020\/01\/Image13.png 1125w\" sizes=\"(max-width: 1024px) 100vw, 1024px\" \/><\/figure>\n\n\n\n<figure class=\"wp-block-image\"><img decoding=\"async\" src=\"http:\/\/lebercail.co\/wp-content\/uploads\/2020\/01\/Image7-1024x435.png\" alt=\"\"\/><\/figure>\n\n\n\n<figure class=\"wp-block-image\"><img decoding=\"async\" src=\"http:\/\/lebercail.co\/wp-content\/uploads\/2020\/01\/Image9-1024x353.png\" alt=\"\"\/><\/figure>\n\n\n\n<figure class=\"wp-block-image\"><img decoding=\"async\" src=\"http:\/\/lebercail.co\/wp-content\/uploads\/2020\/01\/Image10-1024x260.png\" alt=\"\"\/><\/figure>\n\n\n\n<p><\/p>\n","protected":false},"excerpt":{"rendered":"<p>UN TIERS-LIEU STRUCTURANT AU PAYS DE LA BREBIS ! Bonjour \u00e0 tous ! Nous vous souhaitons une&nbsp;excellente ann\u00e9e 2020 ! Ici elle commence bien, avec l\u2019ouverture du rez-de-chauss\u00e9e du Bercail ! B\u00e9n\u00e9dicte et Lucie, salari\u00e9es Familles Rurales, sont arriv\u00e9es en janvier pour constituer aux cot\u00e9s de Laetitia, l\u2019agent de d\u00e9veloppement \u00e9conomique de la Communaut\u00e9 de [&hellip;]<\/p>\n","protected":false},"author":1,"featured_media":40,"parent":0,"menu_order":0,"comment_status":"closed","ping_status":"closed","template":"","meta":{"_monsterinsights_skip_tracking":false,"_monsterinsights_sitenote_active":false,"_monsterinsights_sitenote_note":"","_monsterinsights_sitenote_category":0,"footnotes":""},"class_list":["post-43","page","type-page","status-publish","has-post-thumbnail","hentry"],"_links":{"self":[{"href":"https:\/\/lebercail.co\/index.php\/wp-json\/wp\/v2\/pages\/43","targetHints":{"allow":["GET"]}}],"collection":[{"href":"https:\/\/lebercail.co\/index.php\/wp-json\/wp\/v2\/pages"}],"about":[{"href":"https:\/\/lebercail.co\/index.php\/wp-json\/wp\/v2\/types\/page"}],"author":[{"embeddable":true,"href":"https:\/\/lebercail.co\/index.php\/wp-json\/wp\/v2\/users\/1"}],"replies":[{"embeddable":true,"href":"https:\/\/lebercail.co\/index.php\/wp-json\/wp\/v2\/comments?post=43"}],"version-history":[{"count":31,"href":"https:\/\/lebercail.co\/index.php\/wp-json\/wp\/v2\/pages\/43\/revisions"}],"predecessor-version":[{"id":407,"href":"https:\/\/lebercail.co\/index.php\/wp-json\/wp\/v2\/pages\/43\/revisions\/407"}],"wp:featuredmedia":[{"embeddable":true,"href":"https:\/\/lebercail.co\/index.php\/wp-json\/wp\/v2\/media\/40"}],"wp:attachment":[{"href":"https:\/\/lebercail.co\/index.php\/wp-json\/wp\/v2\/media?parent=43"}],"curies":[{"name":"wp","href":"https:\/\/api.w.org\/{rel}","templated":true}]}}

<h3 class="wp-block-heading">UN TIERS-LIEU STRUCTURANT AU PAYS DE LA BREBIS !</h3>



<figure class="wp-block-image"><img decoding="async" src="http://lebercail.co/wp-content/uploads/2020/01/20190920_093136-Copier.jpg" alt=""/></figure>



<h4 class="wp-block-heading"><b>Bonjour à tous !</b></h4>



<h4 class="wp-block-heading"><span style="color: #ff6600;"><b>Nous vous souhaitons une&nbsp;</b><b>excellente année 2020 ! </b></span></h4>



<h4 class="wp-block-heading"><b>Ici elle commence bien, avec l’ouverture du rez-de-chaussée du Bercail !</b></h4>



<figure class="wp-block-image"><img decoding="async" src="http://lebercail.co/wp-content/uploads/2020/01/Image2.jpg" alt=""/></figure>



<h4 class="wp-block-heading">Bénédicte et Lucie, salariées Familles Rurales, sont arrivées en janvier pour constituer aux cotés de Laetitia, l’agent de développement économique de la Communauté de Communes, l’équipe de votre Bercail !</h4>



<figure class="wp-block-image"><img decoding="async" src="http://lebercail.co/wp-content/uploads/2020/01/Image3.jpg" alt=""/></figure>



<h3 class="wp-block-heading">A chaque problématique, une réponse via un rendez-vous, un contact, un atelier ou une réunion !</h3>



<figure class="wp-block-image size-large"><img decoding="async" width="1024" height="654" src="http://lebercail.co/wp-content/uploads/2020/01/Image13-1024x654.png" alt="" class="wp-image-401" srcset="https://lebercail.co/wp-content/uploads/2020/01/Image13-1024x654.png 1024w, https://lebercail.co/wp-content/uploads/2020/01/Image13-300x192.png 300w, https://lebercail.co/wp-content/uploads/2020/01/Image13-768x491.png 768w, https://lebercail.co/wp-content/uploads/2020/01/Image13.png 1125w" sizes="(max-width: 1024px) 100vw, 1024px" /></figure>



<figure class="wp-block-image"><img decoding="async" src="http://lebercail.co/wp-content/uploads/2020/01/Image7-1024x435.png" alt=""/></figure>



<figure class="wp-block-image"><img decoding="async" src="http://lebercail.co/wp-content/uploads/2020/01/Image9-1024x353.png" alt=""/></figure>



<figure class="wp-block-image"><img decoding="async" src="http://lebercail.co/wp-content/uploads/2020/01/Image10-1024x260.png" alt=""/></figure>



<p></p>

<p>UN TIERS-LIEU STRUCTURANT AU PAYS DE LA BREBIS ! Bonjour à tous ! Nous vous souhaitons une&nbsp;excellente année 2020 ! Ici elle commence bien, avec l’ouverture du rez-de-chaussée du Bercail ! Bénédicte et Lucie, salariées Familles Rurales, sont arrivées en janvier pour constituer aux cotés de Laetitia, l’agent de développement économique de la Communauté de [&hellip;]</p>
