{"id":569,"date":"2020-02-03T14:38:31","date_gmt":"2020-02-03T13:38:31","guid":{"rendered":"http:\/\/lebercail.co\/?page_id=569"},"modified":"2020-05-13T16:42:43","modified_gmt":"2020-05-13T14:42:43","slug":"revue-de-presse","status":"publish","type":"page","link":"https:\/\/lebercail.co\/index.php\/revue-de-presse\/","title":{"rendered":"Revue de Presse"},"content":{"rendered":"\n<p style=\"font-size:0\">2020<\/p>\n\n\n\n<p>22 janvier 2020 &#8211; CentrePresse  <a rel=\"noreferrer noopener\" aria-label=\"Portes ouvertes du 31 janvier 2020 (s\u2019ouvre dans un nouvel onglet)\" href=\"https:\/\/www.centrepresseaveyron.fr\/2020\/01\/22\/la-maison-des-services-du-requistanais-le-bercail-ouvre-ses-portes-le-31-janvier,8679445.php\" target=\"_blank\">Portes ouvertes du 31 janvier 2020<\/a><\/p>\n\n\n\n<p>2019<\/p>\n\n\n\n<p>31 mai 2019 &#8211; Volont\u00e9 paysanne pour le Forum Agri-contacts au Bercail pendant la f\u00eate de la Brebis <a href=\"http:\/\/www.lavolontepaysanne.fr\/fr\/detail-vp\/index_ce-dimanche-2-juin-a-requista-la-brebis-et-tout-le_IDVP28157.php\" target=\"_blank\" rel=\"noreferrer noopener\" aria-label=\"Ce dimanche 2 juin \u00e0 R\u00e9quista : la brebis et tout le R\u00e9quistanais en f\u00eate ! (s\u2019ouvre dans un nouvel onglet)\">Ce dimanche 2 juin \u00e0 R\u00e9quista : la brebis et tout le R\u00e9quistanais en f\u00eate !<\/a><\/p>\n\n\n\n<p>15 d\u00e9cembre 2019 &#8211; ADN <a rel=\"noreferrer noopener\" aria-label=\" (s\u2019ouvre dans un nouvel onglet)\" href=\"https:\/\/www.aveyrondigitalnews.fr\/2019\/12\/15\/requista-le-bercail-devient-lune-des-premieres-maisons-france-services-daveyron\/\" target=\"_blank\">R\u00e9quista. Le Bercail devient l\u2019une des premi\u00e8res maisons France Services d\u2019Aveyron<\/a><\/p>\n\n\n\n<p>4 d\u00e9cembre 2019 &#8211; Le Progr\u00e8s St Affricain  <a rel=\"noreferrer noopener\" aria-label=\"Le Bercail devient l\u2019une des premi\u00e8res maisons France Services d\u2019Aveyron (s\u2019ouvre dans un nouvel onglet)\" href=\"https:\/\/www.leprogresstaffricain.fr\/actualite-37-requista-le-bercail-devient-l-une-des-premieres-maisons-france-services-d-aveyron\" target=\"_blank\">Le Bercail devient l\u2019une des premi\u00e8res maisons France Services d\u2019Aveyron<\/a> <\/p>\n\n\n\n<p>25 novembre 2019 &#8211; Publication de l&rsquo;appel d&rsquo;offres <a href=\"https:\/\/www.francemarches.com\/appel-offre\/15-cpr-000171929\/amenagement-maison-services\" target=\"_blank\" rel=\"noreferrer noopener\" aria-label=\"March\u00e9 Public \u00e0 proc\u00e9dure adapt\u00e9e (s\u2019ouvre dans un nouvel onglet)\">March\u00e9 Public \u00e0 proc\u00e9dure adapt\u00e9e<\/a><\/p>\n\n\n\n<p>15 novembre 2019 &#8211; CGET  <a rel=\"noreferrer noopener\" aria-label=\"Le Premier ministre d\u00e9voile les 460 premi\u00e8res maisons France Services (s\u2019ouvre dans un nouvel onglet)\" href=\"https:\/\/www.cget.gouv.fr\/actualites\/le-premier-ministre-devoile-les-460-premieres-maisons-france-services?fbclid=IwAR13AvlL0mKpdHZJgmKTm1dqFoxnXpFp5HwzWQaUHcApbpEY4jaHDpXyAoE\" target=\"_blank\">Le Premier ministre d\u00e9voile les 460 premi\u00e8res maisons France Services<\/a><\/p>\n\n\n\n<p>2018 <\/p>\n\n\n\n<p>20 juillet 2018 &#8211; La Dep\u00eache <a rel=\"noreferrer noopener\" aria-label=\"Le Bercail, un projet prometteur pour le R\u00e9quistanais (s\u2019ouvre dans un nouvel onglet)\" href=\"https:\/\/www.ladepeche.fr\/article\/2018\/07\/20\/2838871-le-bercail-un-projet-prometteur-pour-le-requistanais.html\" target=\"_blank\">Le Bercail, un projet prometteur pour le R\u00e9quistanais<\/a><\/p>\n\n\n\n<p>2018 : de mai \u00e0 d\u00e9cembre <a rel=\"noreferrer noopener\" aria-label=\"Co-construction avec le PETR de l'Aveyron, l'Adefpat et les Imaginations Fertiles (s\u2019ouvre dans un nouvel onglet)\" href=\"https:\/\/www.imaginationsfertiles.fr\/aveyron-des-tiers-lieux-comme-outil-de-dynamisation-territoriale\/\" target=\"_blank\">Co-construction avec le PETR de l&rsquo;Aveyron, l&rsquo;Adefpat et les Imaginations Fertiles<\/a><\/p>\n","protected":false},"excerpt":{"rendered":"<p>2020 22 janvier 2020 &#8211; CentrePresse Portes ouvertes du 31 janvier 2020 2019 31 mai 2019 &#8211; Volont\u00e9 paysanne pour le Forum Agri-contacts au Bercail pendant la f\u00eate de la Brebis Ce dimanche 2 juin \u00e0 R\u00e9quista : la brebis et tout le R\u00e9quistanais en f\u00eate ! 15 d\u00e9cembre 2019 &#8211; ADN R\u00e9quista. Le Bercail [&hellip;]<\/p>\n","protected":false},"author":1,"featured_media":0,"parent":0,"menu_order":0,"comment_status":"closed","ping_status":"closed","template":"","meta":{"_monsterinsights_skip_tracking":false,"_monsterinsights_sitenote_active":false,"_monsterinsights_sitenote_note":"","_monsterinsights_sitenote_category":0,"footnotes":""},"class_list":["post-569","page","type-page","status-publish","hentry"],"_links":{"self":[{"href":"https:\/\/lebercail.co\/index.php\/wp-json\/wp\/v2\/pages\/569","targetHints":{"allow":["GET"]}}],"collection":[{"href":"https:\/\/lebercail.co\/index.php\/wp-json\/wp\/v2\/pages"}],"about":[{"href":"https:\/\/lebercail.co\/index.php\/wp-json\/wp\/v2\/types\/page"}],"author":[{"embeddable":true,"href":"https:\/\/lebercail.co\/index.php\/wp-json\/wp\/v2\/users\/1"}],"replies":[{"embeddable":true,"href":"https:\/\/lebercail.co\/index.php\/wp-json\/wp\/v2\/comments?post=569"}],"version-history":[{"count":12,"href":"https:\/\/lebercail.co\/index.php\/wp-json\/wp\/v2\/pages\/569\/revisions"}],"predecessor-version":[{"id":684,"href":"https:\/\/lebercail.co\/index.php\/wp-json\/wp\/v2\/pages\/569\/revisions\/684"}],"wp:attachment":[{"href":"https:\/\/lebercail.co\/index.php\/wp-json\/wp\/v2\/media?parent=569"}],"curies":[{"name":"wp","href":"https:\/\/api.w.org\/{rel}","templated":true}]}}

<p style="font-size:0">2020</p>



<p>22 janvier 2020 &#8211; CentrePresse  <a rel="noreferrer noopener" aria-label="Portes ouvertes du 31 janvier 2020 (s’ouvre dans un nouvel onglet)" href="https://www.centrepresseaveyron.fr/2020/01/22/la-maison-des-services-du-requistanais-le-bercail-ouvre-ses-portes-le-31-janvier,8679445.php" target="_blank">Portes ouvertes du 31 janvier 2020</a></p>



<p>2019</p>



<p>31 mai 2019 &#8211; Volonté paysanne pour le Forum Agri-contacts au Bercail pendant la fête de la Brebis <a href="http://www.lavolontepaysanne.fr/fr/detail-vp/index_ce-dimanche-2-juin-a-requista-la-brebis-et-tout-le_IDVP28157.php" target="_blank" rel="noreferrer noopener" aria-label="Ce dimanche 2 juin à Réquista : la brebis et tout le Réquistanais en fête ! (s’ouvre dans un nouvel onglet)">Ce dimanche 2 juin à Réquista : la brebis et tout le Réquistanais en fête !</a></p>



<p>15 décembre 2019 &#8211; ADN <a rel="noreferrer noopener" aria-label=" (s’ouvre dans un nouvel onglet)" href="https://www.aveyrondigitalnews.fr/2019/12/15/requista-le-bercail-devient-lune-des-premieres-maisons-france-services-daveyron/" target="_blank">Réquista. Le Bercail devient l’une des premières maisons France Services d’Aveyron</a></p>



<p>4 décembre 2019 &#8211; Le Progrès St Affricain  <a rel="noreferrer noopener" aria-label="Le Bercail devient l’une des premières maisons France Services d’Aveyron (s’ouvre dans un nouvel onglet)" href="https://www.leprogresstaffricain.fr/actualite-37-requista-le-bercail-devient-l-une-des-premieres-maisons-france-services-d-aveyron" target="_blank">Le Bercail devient l’une des premières maisons France Services d’Aveyron</a> </p>



<p>25 novembre 2019 &#8211; Publication de l&rsquo;appel d&rsquo;offres <a href="https://www.francemarches.com/appel-offre/15-cpr-000171929/amenagement-maison-services" target="_blank" rel="noreferrer noopener" aria-label="Marché Public à procédure adaptée (s’ouvre dans un nouvel onglet)">Marché Public à procédure adaptée</a></p>



<p>15 novembre 2019 &#8211; CGET  <a rel="noreferrer noopener" aria-label="Le Premier ministre dévoile les 460 premières maisons France Services (s’ouvre dans un nouvel onglet)" href="https://www.cget.gouv.fr/actualites/le-premier-ministre-devoile-les-460-premieres-maisons-france-services?fbclid=IwAR13AvlL0mKpdHZJgmKTm1dqFoxnXpFp5HwzWQaUHcApbpEY4jaHDpXyAoE" target="_blank">Le Premier ministre dévoile les 460 premières maisons France Services</a></p>



<p>2018 </p>



<p>20 juillet 2018 &#8211; La Depêche <a rel="noreferrer noopener" aria-label="Le Bercail, un projet prometteur pour le Réquistanais (s’ouvre dans un nouvel onglet)" href="https://www.ladepeche.fr/article/2018/07/20/2838871-le-bercail-un-projet-prometteur-pour-le-requistanais.html" target="_blank">Le Bercail, un projet prometteur pour le Réquistanais</a></p>



<p>2018 : de mai à décembre <a rel="noreferrer noopener" aria-label="Co-construction avec le PETR de l'Aveyron, l'Adefpat et les Imaginations Fertiles (s’ouvre dans un nouvel onglet)" href="https://www.imaginationsfertiles.fr/aveyron-des-tiers-lieux-comme-outil-de-dynamisation-territoriale/" target="_blank">Co-construction avec le PETR de l&rsquo;Aveyron, l&rsquo;Adefpat et les Imaginations Fertiles</a></p>

<p>2020 22 janvier 2020 &#8211; CentrePresse Portes ouvertes du 31 janvier 2020 2019 31 mai 2019 &#8211; Volonté paysanne pour le Forum Agri-contacts au Bercail pendant la fête de la Brebis Ce dimanche 2 juin à Réquista : la brebis et tout le Réquistanais en fête ! 15 décembre 2019 &#8211; ADN Réquista. Le Bercail [&hellip;]</p>
