{"id":605,"date":"2020-06-23T11:46:44","date_gmt":"2020-06-23T09:46:44","guid":{"rendered":"http:\/\/lebercail.co\/?page_id=605"},"modified":"2021-06-02T15:38:04","modified_gmt":"2021-06-02T13:38:04","slug":"contact","status":"publish","type":"page","link":"https:\/\/lebercail.co\/index.php\/contact\/","title":{"rendered":"Contact"},"content":{"rendered":"<h2><strong>Horaires d&rsquo;ouverture : <\/strong><\/h2>\n<p>Du lundi au samedi de 9h30 \u00e0 13h et les apr\u00e8s-midis sur RDV pour l&rsquo;espace D\u00e9marches Administratives. Pour l&rsquo;espace Entrepreneurs ou l&rsquo;espace de Vie Sociale, prenez RDV ou envoyez-nous un mail pour nous parler de votre projet\/id\u00e9e. Merci d&rsquo;avance !<\/p>\n<p>\u00a0<\/p>\n\n\n<div class=\"wp-block-image\"><figure class=\"aligncenter size-large\"><img decoding=\"async\" width=\"1024\" height=\"181\" src=\"http:\/\/lebercail.co\/wp-content\/uploads\/2020\/01\/3-logos-FRAVS-CCR-EFS-1024x181.png\" alt=\"\" class=\"wp-image-17\"\/><\/figure><\/div>\n\n\n<p>Une question ? Un conseil ? Remplissez ce formulaire pour nous contacter :<\/p>\n<p><\/p>\n\n<div class=\"wpcf7 no-js\" id=\"wpcf7-f73-o1\" lang=\"fr-FR\" dir=\"ltr\">\n<div class=\"screen-reader-response\"><p role=\"status\" aria-live=\"polite\" aria-atomic=\"true\"><\/p> <ul><\/ul><\/div>\n<form action=\"\/index.php\/wp-json\/wp\/v2\/pages\/605#wpcf7-f73-o1\" method=\"post\" class=\"wpcf7-form init\" aria-label=\"Formulaire de contact\" novalidate=\"novalidate\" data-status=\"init\">\n<div style=\"display: none;\">\n<input type=\"hidden\" name=\"_wpcf7\" value=\"73\" \/>\n<input type=\"hidden\" name=\"_wpcf7_version\" value=\"5.7.7\" \/>\n<input type=\"hidden\" name=\"_wpcf7_locale\" value=\"fr_FR\" \/>\n<input type=\"hidden\" name=\"_wpcf7_unit_tag\" value=\"wpcf7-f73-o1\" \/>\n<input type=\"hidden\" name=\"_wpcf7_container_post\" value=\"0\" \/>\n<input type=\"hidden\" name=\"_wpcf7_posted_data_hash\" value=\"\" \/>\n<\/div>\n<p>Votre nom (obligatoire)\n<\/p>\n<p><span class=\"wpcf7-form-control-wrap\" data-name=\"your-name\"><input size=\"40\" class=\"wpcf7-form-control wpcf7-text wpcf7-validates-as-required\" aria-required=\"true\" aria-invalid=\"false\" value=\"\" type=\"text\" name=\"your-name\" \/><\/span>\n<\/p>\n<p>Votre email (obligatoire)\n<\/p>\n<p><span class=\"wpcf7-form-control-wrap\" data-name=\"your-email\"><input size=\"40\" class=\"wpcf7-form-control wpcf7-text wpcf7-email wpcf7-validates-as-required wpcf7-validates-as-email\" aria-required=\"true\" aria-invalid=\"false\" value=\"\" type=\"email\" name=\"your-email\" \/><\/span>\n<\/p>\n<p>Votre pr\u00e9nom\n<\/p>\n<p><span class=\"wpcf7-form-control-wrap\" data-name=\"text-203\"><input size=\"40\" class=\"wpcf7-form-control wpcf7-text\" aria-invalid=\"false\" value=\"\" type=\"text\" name=\"text-203\" \/><\/span>\n<\/p>\n<p>Votre num\u00e9ro de Tel\n<\/p>\n<p><span class=\"wpcf7-form-control-wrap\" data-name=\"tel-779\"><input size=\"40\" class=\"wpcf7-form-control wpcf7-text wpcf7-tel wpcf7-validates-as-tel\" aria-invalid=\"false\" value=\"\" type=\"tel\" name=\"tel-779\" \/><\/span>\n<\/p>\n<p>Sujet\n<\/p>\n<p><span class=\"wpcf7-form-control-wrap\" data-name=\"your-subject\"><input size=\"40\" class=\"wpcf7-form-control wpcf7-text\" aria-invalid=\"false\" value=\"\" type=\"text\" name=\"your-subject\" \/><\/span>\n<\/p>\n<p>Votre message\n<\/p>\n<p><span class=\"wpcf7-form-control-wrap\" data-name=\"your-message\"><textarea cols=\"40\" rows=\"10\" class=\"wpcf7-form-control wpcf7-textarea\" aria-invalid=\"false\" name=\"your-message\"><\/textarea><\/span>\n<\/p>\n<p>Recopiez ceci : <input type=\"hidden\" name=\"_wpcf7_captcha_challenge_captcha-856\" value=\"1\" \/><img decoding=\"async\" class=\"wpcf7-form-control wpcf7-captchac wpcf7-captcha-captcha-856\" width=\"72\" height=\"24\" alt=\"captcha\" src=\"https:\/\/lebercail.co\/wp-content\/uploads\/wpcf7_captcha\/1.png\" \/>\n<\/p>\n<p><span class=\"wpcf7-form-control-wrap\" data-name=\"captcha-856\"><input size=\"40\" class=\"wpcf7-form-control wpcf7-captchar\" autocomplete=\"off\" aria-invalid=\"false\" value=\"\" type=\"text\" name=\"captcha-856\" \/><\/span>\n<\/p>\n<p><input class=\"wpcf7-form-control has-spinner wpcf7-submit\" type=\"submit\" value=\"Envoyer\" \/>\n<\/p><p style=\"display: none !important;\" class=\"akismet-fields-container\" data-prefix=\"_wpcf7_ak_\"><label>&#916;<textarea name=\"_wpcf7_ak_hp_textarea\" cols=\"45\" rows=\"8\" maxlength=\"100\"><\/textarea><\/label><input type=\"hidden\" id=\"ak_js_1\" name=\"_wpcf7_ak_js\" value=\"191\"\/><script type=\"text\/javascript\">\n\/* <![CDATA[ *\/\ndocument.getElementById( \"ak_js_1\" ).setAttribute( \"value\", ( new Date() ).getTime() );\n\/* ]]> *\/\n<\/script>\n<\/p><div class=\"wpcf7-response-output\" aria-hidden=\"true\"><\/div>\n<\/form>\n<\/div>\n\n<p><\/p>\n\n\n<div class=\"wp-block-image\"><figure class=\"aligncenter size-large\"><img decoding=\"async\" width=\"1024\" height=\"260\" src=\"http:\/\/lebercail.co\/wp-content\/uploads\/2020\/01\/Image10-1024x260.png\" alt=\"\" class=\"wp-image-142\" srcset=\"https:\/\/lebercail.co\/wp-content\/uploads\/2020\/01\/Image10-1024x260.png 1024w, https:\/\/lebercail.co\/wp-content\/uploads\/2020\/01\/Image10-300x76.png 300w, https:\/\/lebercail.co\/wp-content\/uploads\/2020\/01\/Image10-768x195.png 768w, https:\/\/lebercail.co\/wp-content\/uploads\/2020\/01\/Image10.png 1124w\" sizes=\"(max-width: 1024px) 100vw, 1024px\" \/><\/figure><\/div>\n\n\n\n<p><\/p>\n","protected":false},"excerpt":{"rendered":"<p>Horaires d&rsquo;ouverture : Du lundi au samedi de 9h30 \u00e0 13h et les apr\u00e8s-midis sur RDV pour l&rsquo;espace D\u00e9marches Administratives. Pour l&rsquo;espace Entrepreneurs ou l&rsquo;espace de Vie Sociale, prenez RDV ou envoyez-nous un mail pour nous parler de votre projet\/id\u00e9e. Merci d&rsquo;avance ! \u00a0 Une question ? Un conseil ? Remplissez ce formulaire pour nous [&hellip;]<\/p>\n","protected":false},"author":1,"featured_media":0,"parent":0,"menu_order":0,"comment_status":"closed","ping_status":"closed","template":"","meta":{"_monsterinsights_skip_tracking":false,"_monsterinsights_sitenote_active":false,"_monsterinsights_sitenote_note":"","_monsterinsights_sitenote_category":0,"footnotes":""},"class_list":["post-605","page","type-page","status-publish","hentry"],"_links":{"self":[{"href":"https:\/\/lebercail.co\/index.php\/wp-json\/wp\/v2\/pages\/605","targetHints":{"allow":["GET"]}}],"collection":[{"href":"https:\/\/lebercail.co\/index.php\/wp-json\/wp\/v2\/pages"}],"about":[{"href":"https:\/\/lebercail.co\/index.php\/wp-json\/wp\/v2\/types\/page"}],"author":[{"embeddable":true,"href":"https:\/\/lebercail.co\/index.php\/wp-json\/wp\/v2\/users\/1"}],"replies":[{"embeddable":true,"href":"https:\/\/lebercail.co\/index.php\/wp-json\/wp\/v2\/comments?post=605"}],"version-history":[{"count":3,"href":"https:\/\/lebercail.co\/index.php\/wp-json\/wp\/v2\/pages\/605\/revisions"}],"predecessor-version":[{"id":746,"href":"https:\/\/lebercail.co\/index.php\/wp-json\/wp\/v2\/pages\/605\/revisions\/746"}],"wp:attachment":[{"href":"https:\/\/lebercail.co\/index.php\/wp-json\/wp\/v2\/media?parent=605"}],"curies":[{"name":"wp","href":"https:\/\/api.w.org\/{rel}","templated":true}]}}